 divided by 426?
424
What is the remainder when 19122 is divided by 23?
9
What is the remainder when 199 is divided by 2?
1
What is the remainder when 25154 is divided by 30?
14
What is the remainder when 626885 is divided by 208960?
5
Calculate the remainder when 294620 is divided by 1503.
32
Calculate the remainder when 771 is divided by 41.
33
Calculate the remainder when 12606 is divided by 97.
93
Calculate the remainder when 77879 is divided by 132.
131
What is the remainder when 26851 is divided by 36?
31
What is the remainder when 461583 is divided by 153856?
15
Calculate the remainder when 949 is divided by 184.
29
What is the remainder when 9950 is divided by 26?
18
Calculate the remainder when 1950 is divided by 281.
264
Calculate the remainder when 776097 is divided by 130.
127
Calculate the remainder when 42697 is divided by 31.
10
What is the remainder when 12969 is divided by 1074?
81
What is the remainder when 14219 is divided by 2276?
563
What is the remainder when 160739 is divided by 97?
10
Calculate the remainder when 8092 is divided by 1123.
231
Calculate the remainder when 5257 is divided by 2547.
163
Calculate the remainder when 5288 is divided by 1278.
176
What is the remainder when 957 is divided by 311?
24
Calculate the remainder when 119134 is divided by 51.
49
Calculate the remainder when 27315 is divided by 431.
162
What is the remainder when 23969 is divided by 835?
589
Calculate the remainder when 10155 is divided by 341.
266
What is the remainder when 20920 is divided by 1734?
112
What is the remainder when 3554 is divided by 327?
284
Calculate the remainder when 148442 is divided by 89.
79
What is the remainder when 25737 is divided by 2571?
27
What is the remainder when 237842 is divided by 1873?
1844
What is the remainder when 1004158 is divided by 192?
190
Calculate the remainder when 82516 is divided by 519.
514
Calculate the remainder when 35879 is divided by 11949.
32
What is the remainder when 62142 is divided by 54?
42
Calculate the remainder when 2619 is divided by 846.
81
What is the remainder when 11563815 is divided by 2022?
2019
Calculate the remainder when 443327 is divided by 12.
11
Calculate the remainder when 44343 is divided by 14778.
9
Calculate the remainder when 46652 is divided by 406.
368
Calculate the remainder when 571 is divided by 163.
82
What is the remainder when 3986 is divided by 65?
21
What is the remainder when 204 is divided by 28?
8
Calculate the remainder when 1954 is divided by 57.
16
Calculate the remainder when 14879 is divided by 2646.
1649
What is the remainder when 67738 is divided by 733?
302
What is the remainder when 295 is divided by 144?
7
Calculate the remainder when 4651 is divided by 22.
9
What is the remainder when 6781 is divided by 282?
13
What is the remainder when 47963 is divided by 539?
531
Calculate the remainder when 300 is divided by 11.
3
Calculate the remainder when 1692 is divided by 566.
560
What is the remainder when 18851 is divided by 556?
503
Calculate the remainder when 9041 is divided by 135.
131
What is the remainder when 1287 is divided by 311?
43
Calculate the remainder when 380 is divided by 83.
48
What is the remainder when 12035 is divided by 16?
3
Calculate the remainder when 2648 is divided by 47.
16
Calculate the remainder when 6549 is divided by 467.
11
Calculate the remainder when 3276 is divided by 301.
266
Calculate the remainder when 41459 is divided by 33.
11
Calculate the remainder when 260852 is divided by 57.
20
What is the remainder when 4597 is divided by 4550?
47
Calculate the remainder when 28095 is divided by 44.
23
Calculate the remainder when 5884 is divided by 38.
32
What is the remainder when 68444 is divided by 34214?
16
Calculate the remainder when 54598 is divided by 135.
58
What is the remainder when 34626 is divided by 17?
14
What is the remainder when 44962 is divided by 555?
7
Calculate the remainder when 148221 is divided by 24.
21
Calculate the remainder when 105620 is divided by 244.
212
What is the remainder when 127244 is divided by 63622?
0
What is the remainder when 25025 is divided by 291?
290
Calculate the remainder when 26147 is divided by 367.
90
Calculate the remainder when 3236 is divided by 224.
100
What is the remainder when 31682 is divided by 40?
2
What is the remainder when 5922 is divided by 150?
72
Calculate the remainder when 12637 is divided by 47.
41
Calculate the remainder when 2986 is divided by 17.
11
Calculate the remainder when 244266 is divided by 24423.
36
Calculate the remainder when 3325 is divided by 298.
47
What is the remainder when 103837 is divided by 363?
19
Calculate the remainder when 9498 is divided by 52.
34
Calculate the remainder when 3706 is divided by 502.
192
What is the remainder when 75370 is divided by 37667?
36
What is the remainder when 1258991 is divided by 1402?
1397
What is the remainder when 30144 is divided by 166?
98
Calculate the remainder when 4012 is divided by 171.
79
Calculate the remainder when 19304 is divided by 140.
124
Calculate the remainder when 34027 is divided by 6729.
382
Calculate the remainder when 16490 is divided by 529.
91
What is the remainder when 1635 is divided by 929?
706
What is the remainder when 90290 is divided by 21?
11
What is the remainder when 62508 is divided by 72?
12
Calculate the remainder when 204990 is divided by 80.
30
Calculate the remainder when 28370 is divided by 1172.
242
Calculate the remainder when 699841 is divided by 789.
787
What is the remainder when 1156 is divided by 41?
8
Calculate the remainder when 32361 is divided by 4045.
1
Calculate the remainder when 14037 is divided by 4173.
1518
What is the remainder when 818157 is divided by 70?
67
What is the remainder when 11761 is divided by 74?
69
What is the remainder when 19890 is divided by 84?
66
What is the remainder when 6997 is divided by 50?
47
What is the remainder when 12070 is divided by 32?
6
Calculate the remainder when 11571 is divided by 1653.
0
Calculate the remainder when 8699 is divided by 109.
88
Calculate the remainder when 103682 is divided by 529.
527
Calculate the remainder when 340324 is divided by 536.
500
What is the remainder when 1634 is divided by 1603?
31
Calculate the remainder when 22667 is divided by 72.
59
Calculate the remainder when 10543 is divided by 1955.
768
What is the remainder when 95846 is divided by 10?
6
What is the remainder when 619 is divided by 238?
143
Calculate the remainder when 446 is divided by 35.
26
What is the remainder when 8714 is divided by 2073?
422
What is the remainder when 84474 is divided by 264?
258
What is the remainder when 8485 is divided by 78?
61
What is the remainder when 14009 is divided by 14008?
1
Calculate the remainder when 367485 is divided by 66.
63
What is the remainder when 256756 is divided by 42790?
16
What is the remainder when 586074 is divided by 175?
174
Calculate the remainder when 20580 is divided by 72.
60
Calculate the remainder when 53279 is divided by 279.
269
What is the remainder when 5869 is divided by 995?
894
What is the remainder when 10056 is divided by 107?
105
Calculate the remainder when 1512 is divided by 74.
32
Calculate the remainder when 33388 is divided by 18.
16
Calculate the remainder when 33692 is divided by 315.
302
Calculate the remainder when 13349375 is divided by 18.
17
What is the remainder when 23542 is divided by 29?
23
What is the remainder when 17297 is divided by 62?
61
What is the remainder when 15735 is divided by 342?
3
What is the remainder when 8302 is divided by 441?
364
Calculate the remainder when 4921 is divided by 15.
1
Calculate the remainder when 114388 is divided by 57181.
26
Calculate the remainder when 3155 is divided by 21.
5
What is the remainder when 50766 is divided by 2667?
93
What is the remainder when 106977 is divided by 484?
13
Calculate the remainder when 1431 is divided by 15.
6
What is the remainder when 91488 is divided by 55?
23
What is the remainder when 2176 is divided by 12?
4
What is the remainder when 2974 is divided by 1485?
4
What is the remainder when 226 is divided by 212?
14
What is the remainder when 375 is divided by 350?
25
What is the remainder when 271047 is divided by 325?
322
Calcula